git of o(g)?
6
Let t = -6 - -9. Suppose -2*k + 4 = -3*j, -t*k + 6 = -2*j + 5*j. What is the tens digit of k*(-1 - -2) - -14?
1
Let i = 6 - 2. Let c = 11 - i. Suppose -c + 1 = -2*o. What is the units digit of o?
3
Suppose 6*f - 626 = 5116. What is the tens digit of f?
5
Suppose 297 = -5*t + 47. Let i = -3 - t. What is the units digit of i?
7
Suppose 6*k = -k + 21. Suppose 49 = -k*f + 4*f. What is the tens digit of f?
4
Suppose -m - 105 = -p + 37, -574 = -4*p + m. Let h be (-30)/50 - p/10. What is the units digit of 5/h - (-32)/6?
5
Suppose -4*t + 4*c + 88 = 0, 5*c - 4*c + 5 = 0. Let i = t - -5. Suppose z - 3 - i = 0. What is the units digit of z?
5
Suppose 2*v - 5*v = 2*b - 1459, -4*b - 4*v + 2908 = 0. What is the hundreds digit of b?
7
Suppose 2*g + 166 = 2*n, -n = -2*g + 5*g - 87. Suppose 2*w = 5*d + 103, 0 = 5*w - 5*d - n - 181. What is the tens digit of w?
5
Let k(s) = -11*s - 9. Let q be k(-9). Suppose 6*j - 2*j = 2*z - q, -z + j + 42 = 0. What is the units digit of z?
9
Suppose 0 = -h - 2*b + 816, 2*b + 2*b + 3300 = 4*h. What is the tens digit of h?
2
Let y = -1657 + 2880. Suppose -327 + y = 8*t. What is the hundreds digit of t?
1
Let u be 116/(-12) - (-6)/9. Let w(g) = -7*g**2 - 30*g - 6. Let v(m) = 4*m**2 + 15*m + 3. Let j(d) = 5*v(d) + 3*w(d). What is the units digit of j(u)?
1
Suppose 3*y + 142 = 706. What is the tens digit of y?
8
Let t(s) = -10*s - 33. Let u be t(0). Let j = 104 + u. What is the units digit of j?
1
Suppose 0*g - 3*a = -g + 505, 0 = -2*g - a + 989. What is the hundreds digit of g?
4
Suppose -37 = -5*s + 28. Let r = s - 9. Suppose 8 = -2*p + r*p. What is the units digit of p?
4
Suppose 2*h = 6*h + 40. Let s = h - -13. Let b(g) = g**3 - 2*g**2 - 2*g + 1. What is the units digit of b(s)?
4
Let l(g) = 15*g**3 + 5*g**2 - 9*g - 3. What is the thousands digit of l(4)?
1
Let b = 15 + -11. Suppose -6*f + f + u + 193 = 0, b*f - 2*u - 158 = 0. What is the units digit of 1*(f - (2 + -2))?
8
Suppose 2*q = 4*f + 328, -5*q = -f - f - 828. What is the hundreds digit of q/3*(18/(-4))/(-1)?
2
What is the tens digit of -3*((-1790)/90)/(3/18)?
5
Let s be -10*-6*3/(-15). What is the units digit of (s/(-8))/((-2)/(-4))?
3
Let g = 14 - 12. Suppose -4*r = -g*x + 14, -2*x = 3*r - 6 - 1. Let v(i) = i**3 - 5*i**2 + i + 5. What is the tens digit of v(x)?
1
What is the units digit of (46/1)/((-194)/(-15520))?
0
Let j(l) be the third derivative of -l**4/24 + 13*l**3/3 + 5*l**2. What is the tens digit of j(14)?
1
Suppose -28*u = -15*u - 1690. What is the tens digit of u?
3
Let w be (70/(-8))/((-2)/(-8)). Suppose -j - 1 + 34 = 5*a, -2*j = 5*a - 56. Let q = j - w. What is the units digit of q?
8
Let j(f) = -f**3 - 2*f**2 + 3*f - 17. What is the units digit of j(-4)?
3
Let h(w) = w - 10. Let j be h(10). Suppose -4*d + 0*d + 8 = j. Suppose o = x - 30, 0 = -3*x - 0*x + d*o + 91. What is the units digit of x?
1
Let g(f) be the second derivative of -27*f**5/20 + f**4/12 + f**3/6 + f**2/2 + 25*f. What is the units digit of g(-1)?
8
Suppose 0 = -38*b + 82035 + 75627. What is the units digit of b?
9
Let r(m) = m**3 + 14*m**2 + 14*m - 7. Let w = -62 - -50. What is the units digit of r(w)?
3
Let u = 2220 - 585. What is the tens digit of u?
3
What is the tens digit of (-8)/10*(-105)/2?
4
Let z = 31 + -29. Suppose -28 = -2*n + z. What is the units digit of n?
5
Suppose -820 = 8*y - 5132. What is the units digit of y?
9
Let f be 1226/(-8) + 1 - 4/(-16). Let x = -31 - f. What is the hundreds digit of x?
1
Let o be 15/(-100)*4 - 51/15. Let j be (2/2)/(4/52). Let f = o + j. What is the units digit of f?
9
Let z = 117 - -21. What is the tens digit of z?
3
Let p(y) = y**3 + 7*y**2 - 3*y - 5. Suppose a + 40 = -4*j + 5*a, 2*j = -2*a. What is the units digit of p(j)?
0
What is the hundreds digit of (9 - -5)*(-132)/(-8)?
2
What is the tens digit of (492/36)/(2/36)?
4
Suppose -v - 4*v + 10 = 0. Let u(s) = -s**3 + 3*s**2 + s + 2. Let o(q) = -2*q**3 + 2*q**2 + q + 2. Let p(i) = v*o(i) - 3*u(i). What is the units digit of p(-5)?
3
Suppose 7*u + 404 - 82 = 0. Let f = u + 107. What is the units digit of f?
1
Let h(r) = -10*r + 45. What is the tens digit of h(-8)?
2
Suppose 5*w - 3*r = r + 41, -w + 9 = -r. Suppose 0 = 4*y - 2*q - 114, -y - 4*q = -7*q - 36. Suppose -w = -k + y. What is the units digit of k?
2
Let q = 59 + 8. Suppose -q = 18*a - 19*a. What is the tens digit of a?
6
Suppose 4*i + 678 = -3*r - 1309, 4*r + 4*i = -2648. What is the tens digit of r/(-17) - 10/(-85)?
3
Let r(p) = 0*p**2 - 5*p + 2*p**2 + 12 + 12*p - p**2. Let h = 4 + -12. What is the units digit of r(h)?
0
Let f(n) = 8*n + 76. What is the hundreds digit of f(9)?
1
Let a(j) be the first derivative of j**3 - 3*j**2/2 + 2*j - 1. Let z be a(1). Suppose 163 = l + 2*l - z*q, -l + 45 = 4*q. What is the units digit of l?
3
Let n(a) = 18*a**2 + 96*a - 30. What is the tens digit of n(-18)?
7
Let c = -34 + 55. Let z = c - 41. What is the tens digit of (-3)/(-5) - 568/z?
2
Let t(l) = -l**2 - 7*l - 4. Let p be t(-7). Let m be (-12 - -4)*(-3)/p. What is the tens digit of ((-217)/21)/(2/m)?
3
Let n be -26*(-22)/4 - -4. Let v = n + -101. Suppose 4*y = -2*p + 58, -9 = p - 2*y - v. What is the units digit of p?
3
Let q = 2469 + 76. What is the thousands digit of q?
2
Suppose -4*t - 3*r + 132 = 0, -5*r + 1 + 19 = 0. Suppose 18 = 4*o + z, -5*o = 2*z - 10 - 11. Suppose o*c - 10 = t. What is the units digit of c?
8
Let z(a) = -21*a**2 - 15*a - 11. Let w(o) = 14*o**2 + 10*o + 7. Let h(x) = 8*w(x) + 5*z(x). What is the tens digit of h(-3)?
4
Let o(z) = z**3 + 16*z**2 + 8*z - 75. What is the tens digit of o(-13)?
2
Let p = -39 + 227. What is the units digit of p?
8
Let m(f) = f**3 - 11*f**2 + 9*f + 10. Let k be (-2 - -3)/2*20. Let h be m(k). Suppose 3*p + h*p = 93. What is the tens digit of p?
3
Let k(l) = -l**2 + 3*l + 1027. What is the thousands digit of k(0)?
1
Let m(t) = 58*t - 17*t**2 - 43*t - t**3 - 35 - 33*t. What is the hundreds digit of m(-17)?
2
Suppose -107 - 626 = -2*v + 5*z, 4*v - 1474 = 2*z. What is the hundreds digit of v?
3
What is the units digit of 4943/5 - (18/15)/(-3)?
9
Suppose -5*c + b = -1455, -1077 = -5*c + 2*b + 373. What is the hundreds digit of c?
2
Suppose d - 4*h - 783 = 265, -3*d - 4*h + 3128 = 0. What is the hundreds digit of d?
0
Suppose 6 = -2*q, 5*q = -2*a - 0*q + 1591. Let w = a - 539. What is the units digit of w?
4
Let j(r) = -r - 10. Let y be j(-9). Let h be ((-1)/y)/(1/4). Suppose -h*f = 2*q - 166, -3*f + 8*q - 5*q = -111. What is the units digit of f?
0
What is the units digit of (-2)/4*(-1168)/(-12)*-3?
6
Let n = 155 + 287. What is the hundreds digit of n?
4
Suppose 0 = g - 3*g + 10. Suppose h = -o + 2, -3*h - 10 = -g*o + 2*h. Suppose o = 2*v - 4. What is the units digit of v?
3
Suppose -c - c + 4 = 0. Let p be 3/c*16/6. What is the tens digit of p/6 + 374/33?
1
Suppose -4*v + 3534 = 2*k, -2*v = -5*k - 1318 - 443. What is the hundreds digit of v?
8
Suppose 149 = -11*m + 1678. What is the hundreds digit of m?
1
Let y(t) = -t**2 + 8*t + 8. Suppose -3*s + 16 = -5. What is the tens digit of y(s)?
1
Let v = 3 + -1. Suppose -2*t + 3 = 1, -5*t + 137 = v*c. What is the tens digit of c*(3 + (-7)/3)?
4
Let k be ((-150)/12)/((-2)/(-8)). Let c be (-50)/(-4)*1*-2. Let r = c - k. What is the tens digit of r?
2
Let t(o) = 248*o**2 - 3*o + 2. What is the tens digit of t(2)?
8
Let b(z) = -18*z**3 - 3*z**2 - 8*z - 10. What is the tens digit of b(-3)?
7
Let c(b) = 2*b**2 + 2*b - 4. Let d be c(3). Suppose 0 = -4*t + d, x + 0*x + 2*t - 85 = 0. What is the tens digit of x?
7
Let q = 1942 - 1000. What is the hundreds digit of q?
9
Let l(n) = 5*n**2 - 3. Let p(m) = m**2 - 14*m + 28. Let i be p(12). What is the units digit of l(i)?
7
What is the tens digit of (994 - -5) + -4 + -6?
8
Let w be 1 - (-5 + 3) - -1. Suppose 3*y + 143 = w*y + 2*a, -2*a - 151 = -y. What is the tens digit of y?
4
Suppose l - 20*a + 19*a = 252, 0 = -2*l - 4*a + 510. What is the hundreds digit of l?
2
Let q = 6 - 12. Let u be (2 + -4)*(-9)/q. Let m = u + 55. What is the tens digit of m?
5
Let i(g) = -3*g + 1. Let x be i(-1). Suppose 5 + x = w. Suppose -4*l + w*l = 160. What is the units digit of l?
2
Suppose -3*n - 42 = 3*p, -4*n + 4*p - 3*p - 46 = 0. Let q(j) = -9*j - 23. What is the tens digit of q(n)?
8
Suppose 13*a - 340 - 310 = 0